03503
Convert 946b3 (base 16) to base 12.
253983
Convert 255257 (base 15) to base 2.
110110100110101100010
-10023141 (base 5) to base 12
-3a218
23e4d (base 16) to base 14
3b817
Convert 1325460 (base 8) to base 4.
1122230300
-191503 (base 11) to base 6
-10152343
11300033212 (base 4) to base 12
608a5a
Convert 2011523 (base 6) to base 4.
113030223
What is -234131000 (base 5) in base 10?
-1083250
-133edc (base 15) to base 7
-10601004
Convert -2480350 (base 12) to base 4.
-123031213230
Convert 4111120 (base 5) to base 15.
14a25
What is 10230221201 (base 4) in base 2?
100101100101001100001
What is -11130040 (base 6) in base 15?
-6a370
-20a137 (base 12) to base 6
-15012511
12122222 (base 3) to base 15
1355
Convert -3570152 (base 10) to base 14.
-68d10c
-48293 (base 15) to base 6
-4533120
-1b3179 (base 16) to base 2
-110110011000101111001
What is -1823186 (base 9) in base 8?
-3706645
Convert 1230157 (base 9) to base 11.
417995
-139673 (base 10) to base 3
-21002121002
Convert 25275021 (base 8) to base 3.
101112121020102
What is -111010011100101110 (base 2) in base 14?
-63366
Convert -b6951 (base 12) to base 13.
-8520a
-1010020200 (base 3) to base 13
-a062
1581 (base 11) to base 4
133221
-b4cc8 (base 15) to base 14
-10ccb5
What is 230220102312 (base 4) in base 16?
b284b6
Convert -36170 (base 9) to base 14.
-8b69
-10002212002210 (base 3) to base 10
-1650531
What is 2c9b6b (base 14) in base 8?
5755703
Convert b409 (base 13) to base 8.
60424
What is 250261 (base 7) in base 12?
22594
What is -101111000011000011001 (base 2) in base 16?
-178619
Convert -1a38154 (base 11) to base 4.
-31013010112
-64cd (base 16) to base 4
-12103031
What is 2100002221002 (base 3) in base 9?
2302832
What is 617133 (base 8) in base 5?
23020004
What is -227047 (base 12) in base 5?
-120120122
Convert 1624739 (base 11) to base 4.
22211011302
1000320112 (base 4) to base 3
111111112121
66a011 (base 14) to base 4
31102303133
What is 303a9c (base 14) in base 11?
a09a94
Convert 13457075 (base 9) to base 13.
14bb6a1
c98b0 (base 15) to base 2
10011100001101100000
-101100100110110000110 (base 2) to base 11
-909172
Convert -585586 (base 9) to base 7.
-2663556
-1da15 (base 14) to base 11
-52172
1064a02 (base 14) to base 2
11101101001101100101010
977aa (base 15) to base 5
110342420
Convert 101221110011 (base 3) to base 10.
215383
Convert 2b07ae (base 15) to base 2.
111111011001010110100
What is 17067455 (base 8) in base 14?
751537
Convert -202011222 (base 4) to base 6.
-2554230
-1701661 (base 10) to base 11
-a62535
7369c (base 16) to base 6
14044324
What is 1003323021 (base 4) in base 11?
180035
Convert -29897 (base 10) to base 6.
-350225
Convert d256d (base 14) to base 9.
851052
-166651 (base 16) to base 5
-333433420
-77c6c2 (base 13) to base 9
-5277221
26101507 (base 8) to base 3
101220201011112
What is -1a46088 (base 11) in base 16?
-349f8d
10440 (base 16) to base 4
100101000
Convert -12539 (base 14) to base 16.
-af87
Convert -1a521 (base 16) to base 9.
-173787
What is 2000233232 (base 4) in base 15?
a63b2
Convert -680550 (base 10) to base 2.
-10100110001001100110
Convert 23452040 (base 6) to base 8.
2641130
-a190a (base 15) to base 9
-858771
-14162125 (base 8) to base 4
-30032101111
Convert 11243444313 (base 5) to base 13.
288a325
3004051 (base 8) to base 12
3203a1
254735 (base 9) to base 2
100101101100110010
-4114044121 (base 5) to base 13
-1963236
Convert -9c04d (base 16) to base 12.
-2699a5
Convert 4302331 (base 6) to base 12.
a19a7
What is 12210102222 (base 3) in base 13?
3cbab
737 (base 9) to base 3
211021
What is 749946a (base 11) in base 5?
11334030224
What is -356252 (base 8) in base 12?
-5a74a
100000333 (base 4) to base 10
65599
211003033 (base 4) to base 3
21201011201
Convert 2022112122 (base 3) to base 10.
45593
Convert -102232221 (base 4) to base 11.
-526aa
-111011011111111001 (base 2) to base 14
-64b57
210333103 (base 4) to base 6
3125231
What is -1659329 (base 10) in base 16?
-1951c1
Convert 102100002 (base 4) to base 8.
222002
-174183 (base 9) to base 13
-3a245
-143191 (base 10) to base 7
-1134316
What is -472320 (base 8) in base 6?
-3241132
What is -354041 (base 7) in base 10?
-63827
-432241443 (base 6) to base 8
-35211603
Convert -1363431 (base 12) to base 7.
-44555332
Convert 2133022311 (base 4) to base 11.
405909
What is 147328 (base 10) in base 13?
5209c
Convert -247523 (base 8) to base 16.
-14f53
-3604a (base 13) to base 9
-160628
12434224410 (base 5) to base 3
1002020110222200
Convert -201001012201 (base 3) to base 14.
-9a87a
What is 523763 (base 10) in base 5?
113230023
What is -432466 (base 7) in base 8?
-223141
Convert 1106420 (base 8) to base 6.
10220452
Convert 782 (base 16) to base 2.
11110000010
Convert -1314661 (base 7) to base 6.
-3405044
-6462c (base 13) to base 6
-3514530
-1222207 (base 8) to base 10
-337031
-10301320100 (base 4) to base 2
-100110001111000010000
What is -98e553 (base 16) in base 11?
-5724344
-3081bd (base 15) to base 4
-20302313320
What is -18126b (base 13) in base 16?
-93125
What is b6583b (base 12) in base 13?
796c76
Convert 3163698 (base 12) to base 14.
1350b88
Convert -30025643 (base 8) to base 3.
-102212012120122
-ca147d (base 15) to base 14
-13c6d95
-143555 (base 9) to base 12
-42a7b
What is 6c70c (base 14) in base 12?
1092b4
Convert -323211323 (base 4) to base 11.
-157431
What is 2170376 (base 9) in base 3?
2012100102120
Convert -57258 (base 9) to base 4.
-21103223
Convert -20101021100 (base 3) to base 11.
-8639a
What is -11210120122112 (base 3) in base 5?
-1123104030
What is -3302201203 (base 4) in base 2?
-11110010100001100011
What is 123311120201 (base 4) in base 14?
d7d13b
What is -403024120 (base 5) in base 9?
-3025077
What is -348692 (base 14) in base 7?
-21134542
What is 3036647 (base 8) in base 12?
3282b3
What is 172876 (base 10) in base 5?
21013001
Convert 425578 (base 9) to base 3.
110212122122
2db274 (base 16) to base 2
1011011011001001110100
91a7a (base 13) to base 6
5332301
What is -10304444 (base 5) in base 3?
-11110212212
-777579 (base 11) to base 12
-4b9610
Convert -111034255 (base 6) to base 15.
-29ad12
What is 2011122211 (base 3) in base 8?
123413
291281 (base 10) to base 6
10124305
Convert -1014411033 (base 6) to base 4.
-220112033331
10c9a67 (base 15) to base 2
101101111001001101111111
Convert -120211210122100 (base 3) to base 8.
-40076102
651a46 (base 14) to base 5
1334030130
1101402011 (base 5) to base 13
650938
-10111010101111101 (base 2) to base 15
-1d4e3
30457a5 (base 12) to base 6
521553125
-302322333 (base 4) to base 9
-347100
1437042 (base 9) to base 10
792461
What is -2315165 (base 7) in base 8?
-1066213
2403636 (base 8) to base 15
ceb5a
11121101221000 (base 3) to base 2
1001010101110100010001
What is 7986879 (base 10) in base 3?
120000202221100
-417176 (base 8) to base 3
-21001111122
What is 1021121122011 (base 3) in base 2?
10100110010110000101
Convert -12120100010 (base 3) to base 12.
-53510
68655 (base 9) to base 6
551422
21054231 (base 6) to base 15
c1dad
Convert 1055006 (base 7) to base 10.
131375
What is 64426 (base 10) in base 4?
33232222
What is -2887c (base 14) in base 8?
-304156
What is -1c059 (base 16) in base 4?
-130001121
-77221 (base 11) to base 5
-12041234
Convert 267355 (base 9) to base 14.
434cc
Convert -2165a (base 13) to base 11.
-41427
-1369122 (base 11) to base 5
-1100322214
10044043 (base 6) to base 14
76335
Convert 303627 (base 10) to base 16.
4a20b
What is 13310042 (base 5) in base 2?
100000111101101110
14114101 (base 6) to base 9
805611
Convert -767b16 (base 15) to base 6.
-321000320
Convert d678e (base 16) to base 10.
878478
What is -50034 (base 16) in base 2?
-1010000000000110100
-6564532 (base 7) to base 8
-3046127
What is 21535512 (base 6) in base 3?
1020001101222
-5235525 (base 8) to base 11
-870460
Convert 13302535 (base 6) to base 12.
194a4b
-3297925 (base 11) to base 4
-112002320223
Convert 23b84 (base 16) to base 2.
100011101110000100
What is 21010000012 (base 3) in base 15?
2b718
What is 381108 (base 10) in base 11?
240372
-120221102212220 (base 3) to base 16
-814722
Convert -44330433 (base 6) to base 4.
-11011213311
What is 104224 (base 8) in base 13?
12bb7
What is -3011332411 (base 5) in base 16?
-5b03bb
What is 2150303 (base 6) in base 9?
173633
What is -26031513